 p?
3
Let j = -9 - -14. Let l be (-14)/8*(0 + -8). Suppose 4 - l = -5*c. Calculate the remainder when j is divided by c.
1
Let m(g) = -9 - 4*g**2 - 5*g - 8*g - 2 + 3*g**2. What is the remainder when m(-9) is divided by 9?
7
Let c = -82 + 102. What is the remainder when 37 is divided by c?
17
Suppose 112 = 2*b + 5*b. Calculate the remainder when 63 is divided by b.
15
Suppose -75 - 35 = -5*o. Suppose 0 = 7*z - 6*z + 3. What is the remainder when o + 1*(z + 0) is divided by 7?
5
Suppose 4*g + 2*n = 32, 0 = 5*g - 9*n + 4*n - 70. Calculate the remainder when g is divided by 6.
4
Let m(s) = s**3 - s**2 - 15*s + 16. Calculate the remainder when m(6) is divided by 27.
25
Let u(q) = -q**2 - 9*q + 8. Calculate the remainder when 29 is divided by u(-9).
5
Suppose 28 = -u + 5*u + 5*a, -a = -5*u + 35. Calculate the remainder when (-81)/(-3) - (-2)/(-2) is divided by u.
5
Calculate the remainder when 3 - (423/3)/(-3) is divided by 13.
11
Let y = 1 + 1. Suppose 0*i - 4*i = 4. Let v = i + 2. Calculate the remainder when y is divided by v.
0
Let f = 30 + 1. Let q be 56/(-12) + (-2)/(-3). Calculate the remainder when f is divided by (-5 - q) + (1 - -16).
15
Suppose 0 = -2*x + 15 - 1. What is the remainder when 34 is divided by x?
6
Suppose -3*d = -c + 3*c - 24, 4*c + 4*d - 52 = 0. Let b(o) = -3*o - 9. What is the remainder when c is divided by b(-6)?
6
Let p = -92 - -107. What is the remainder when 4*-1*129/(-12) is divided by p?
13
Let i(j) = -j**2 + 16*j - 6. What is the remainder when 35 is divided by i(14)?
13
What is the remainder when 82 is divided by 17 + (-1 + -3 - -4)?
14
Let l = 16 - 9. Calculate the remainder when l is divided by 3.
1
Let x = 11 - 3. Suppose 46 = 6*z - 4*z. Calculate the remainder when z is divided by x.
7
Suppose 0 = 7*j - 2*j - 2*h - 48, -j + 4*h + 6 = 0. What is the remainder when 36 is divided by j?
6
Suppose -78 = -5*n - 228. Let h = 47 + n. Suppose -3*r = -4*c + 30, 34 = 4*c - 5*r + 8. What is the remainder when h is divided by c?
8
Calculate the remainder when 16 is divided by (45/10)/((-1)/(-2)).
7
Suppose 2*m = -m + 369. Suppose t - m = -2*t. What is the remainder when t is divided by 11?
8
Let g(h) = h**3 - 3*h**2 - 7*h + 5. What is the remainder when 39 is divided by g(5)?
19
Let y(n) = -n + 1. Let w be y(0). Let x be (w*-1)/((-1)/9). Suppose p - x - 2 = 0. Calculate the remainder when 32 is divided by p.
10
Suppose p - 106 = -5*h - 2*p, -4*h = -p - 95. Calculate the remainder when h is divided by 8.
7
Let l = 12 + 5. What is the remainder when 49 is divided by l?
15
Suppose 18*r - 16*r - 20 = 0. What is the remainder when (1 - 1)/(-2) - -29 is divided by r?
9
Let p(b) = 10*b**3 - 5*b + 3. What is the remainder when p(2) is divided by 25?
23
Let v = 8 - -14. Let j = -8 + v. What is the remainder when 55 is divided by j?
13
Let z = 102 - 49. Suppose -3*l + 4*g = -58, -4*l + 25 = 5*g - 11. What is the remainder when z is divided by l?
11
Suppose 3*v - 67 = -4*j, -19 = -3*j - 0*j + 4*v. Calculate the remainder when 25 is divided by j.
12
Let f = 226 - 155. Let o = 5 + 13. Calculate the remainder when f is divided by o.
17
Let g(r) = -18*r - 1. Let x = 5 + -6. Let d = 30 + -21. What is the remainder when g(x) is divided by d?
8
Suppose 0 = 3*r - 5*u + 2*u - 138, 93 = 2*r - 3*u. Suppose 2*w - 106 = -2*f, f - r = -4*w + 170. What is the remainder when w is divided by 14?
12
Let c(g) = -g**2 - 13*g - 8. Calculate the remainder when 39 is divided by c(-11).
11
Let i(r) = -2*r**3 - 3*r**2 - 2*r - 3. Let a be i(-2). Suppose a*y + 138 = 5*n + 43, 29 = 3*n + 4*y. What is the remainder when n is divided by 6?
3
Suppose 3*c = -4*q + 265, 0 = -q + 3*q + 2*c - 132. Calculate the remainder when q is divided by 17.
16
Let q(j) be the first derivative of -j**2/2 - j - 2. Calculate the remainder when q(-3) is divided by 2.
0
Suppose -32 + 2 = -3*h + 3*z, -3*h + 4*z + 30 = 0. Suppose 0 = -19*c + 24*c - 190. Calculate the remainder when c is divided by h.
8
Let f be (-8)/(-20) + (-253)/(-5). Suppose 3*h + 0*h = f. Suppose -3*j - w = -7 - h, 5*j = 5*w + 20. What is the remainder when j is divided by 5?
2
Let g = -1 - -1. Suppose -24 = -2*p - g*p. What is the remainder when 21 is divided by p?
9
Let s(g) be the first derivative of -15*g**2/2 + 6*g + 2. Let x(l) = -5*l + 2. Let z(r) = 4*s(r) - 14*x(r). What is the remainder when z(3) is divided by 9?
8
Suppose 0*m + 2*m = 68. Let k(a) = 17*a + 1. What is the remainder when m is divided by k(1)?
16
Let j be (-24)/((-3 + 2)/(-1)). Let b = j - -51. What is the remainder when 78 is divided by b?
24
Suppose 0 = 3*k + 84 - 552. Suppose 0 = -3*o - o + k. What is the remainder when o is divided by 14?
11
Let t(a) = -a**3 - 7*a**2 - 14*a - 13. What is the remainder when 138 is divided by t(-6)?
33
Let s(j) = j**2 + 10*j + 5. Let c be s(-10). Let z = 8 - c. What is the remainder when 8 is divided by z?
2
Let q be 12 + (-1 + 1 - -2). Suppose q - 94 = -5*v. Calculate the remainder when 24 is divided by (-2 + v - -1) + -2.
11
Let w = 173 + -36. Calculate the remainder when w is divided by 10.
7
Suppose -3 = -5*k + 57. Let d be 16/(-2)*(-9)/k. What is the remainder when 390/(-4)*(-4)/d is divided by 17?
14
Let z(c) = c**3 - 3*c**2 - 5*c - 2. Calculate the remainder when 66 is divided by z(5).
20
Suppose 3*w + 19 = z, -2 = 2*z + 4*w - 2*w. Let n(d) = -d**2 - 1. Let m be n(-1). What is the remainder when m/(-5) + 212/20 is divided by z?
3
Let s(x) = 7*x**2 - 2*x. Let g(o) = 3*o - 5. Let w(u) = -u**2 - u + 6. Let h be w(0). Calculate the remainder when s(2) is divided by g(h).
11
Let x(b) = -20*b**3 + b. Let d = -19 - -29. Calculate the remainder when x(-1) is divided by d.
9
Let i = 21 - -19. Calculate the remainder when i is divided by 7.
5
Let l(w) = 10*w - 9. Calculate the remainder when l(4) is divided by 17.
14
Let c = 19 - 14. Let j = 3 + c. What is the remainder when 23 is divided by j?
7
Let z = -5 - -9. Suppose -z*k - 44 = -3*d - 12, -4*d + 68 = k. Suppose -4*u + 2*m = -250, 4 = 2*u + 2*m - 112. What is the remainder when u is divided by d?
13
What is the remainder when (11 + -59)*(-2)/(-8)*-2 is divided by 5?
4
Suppose -2*c + 1 = -5. Suppose i = 3*o - 69 + 16, 0 = -c*o - i + 43. Calculate the remainder when 61 is divided by o.
13
Suppose 2*a - 3 = 1. Suppose 4 = 3*i - 5. Calculate the remainder when i is divided by a.
1
Let l = 5 - 9. Let x be l/3*(4 - 7). Suppose w + 12 = x*w. Calculate the remainder when 7 is divided by w.
3
Suppose -9 = -3*x + 15. Calculate the remainder when x is divided by 2.
0
Let p = -13 + 1. Let t(b) = -2*b - 2. What is the remainder when (-174)/(-10) + p/30 is divided by t(-4)?
5
Suppose 0 = -4*b + 80 - 8. Suppose 4*l - 2*o = -94, 0*o + 45 = -2*l + 3*o. Let s = l - -76. What is the remainder when s is divided by b?
16
Suppose 15 = 4*r - 17. Let t(c) = -c**3 + 8*c**2 + 7. Let j be t(r). Suppose 0 = j*y - 3*y - 144. What is the remainder when y is divided by 19?
17
Let p = 241 + -152. Calculate the remainder when p is divided by 23.
20
Let l(r) = 2*r**2 + r - 3. What is the remainder when 10 is divided by l(-2)?
1
Let a = 4 + 31. Calculate the remainder when a is divided by 12.
11
Suppose 0 = -5*p - 5 + 60. Suppose -5*q = 9 + p. What is the remainder when -11*(q/1 + 3) is divided by 6?
5
Suppose 4*v = -n + 2, 5*v - 4*n - 10 = 3. What is the remainder when 3 is divided by v?
0
Suppose 3*j = 0, 62 + 174 = 4*l + 4*j. Let o = -6 - -6. Suppose 3*m + 2*m - 100 = o. Calculate the remainder when l is divided by m.
19
What is the remainder when (16/(-4))/1 + 50 is divided by 12?
10
Let k(f) = -35*f - 22. Calculate the remainder when k(-4) is divided by 30.
28
Let d = 22 - 20. Let v(a) = a**2 - 3*a + 2. Calculate the remainder when d is divided by v(3).
0
Suppose 24 = -2*r + 4*r. Let j = 6 + -4. Let p = j - -5. Calculate the remainder when r is divided by p.
5
Suppose 0*g - 8 = -4*g. Suppose -3*w + 2*x = -93, 0 = -3*w - 0*x - g*x + 93. Let m = -8 + 19. Calculate the remainder when w is divided by m.
9
Suppose -3*o + 0*o = z - 35, -3*o - 59 = -z. What is the remainder when z is divided by 25?
22
Let n be (-21)/((-2)/4 - 1). Suppose n = u + u. Calculate the remainder when 6/(-9)*66/(-4) is divided by u.
4
What is the remainder when -6*3/(-9) + 131 is divided by 34?
31
Let k be (-2)/(-5